 Give j(-1).
-15
Let x = -10 + 14. Let b be 27/(-6) - -7 - 2/x. Let m(y) = -2*y - 2. Let f(p) = p**2. Let o(r) = 2*f(r) + m(r). Give o(b).
2
Let k(p) = p**2 + 13*p + 13. Let b(q) = -q**2 - 12*q - 12. Let s(t) = 7*b(t) + 6*k(t). Let h be s(-2). Let y(j) = 108 - h*j - 217 + 107. Determine y(-4).
6
Let l(p) = p + 10. Suppose 46 = 3*h - 161. Suppose 6 = 9*g + h. What is l(g)?
3
Let l(k) be the first derivative of -3*k - 1/4*k**4 - 4*k**2 + 4 + 8/3*k**3. What is l(7)?
-10
Let d = -10659 - -10643. Let g(o) = o**3 + 16*o**2 - o - 55. Determine g(d).
-39
Let a be (1/(-2))/((-4)/(-384)*-4). Let w(c) = 20 + 3*c + 17*c**2 - c - a*c**2 - 21. Calculate w(2).
23
Let r be ((-3)/(-9))/((-8)/(-40) - 2/(-15)). Let o(c) = 6*c**3 + 3*c**2 - 5*c + 3. Give o(r).
7
Let w(n) be the second derivative of -n**3/6 + 11*n**2/2 + 5*n + 12014. Let x be (3/(-2))/((-3)/8). Let b be (-2)/5 - x/(-10). What is w(b)?
11
Let v(j) = j**2 - 5*j - 14. Let k(w) = -30*w - 6. Let t be k(0). Give v(t).
52
Let x(l) = 12*l + 12*l + 3*l**2 - 26*l - 3*l**3 + l**2. Suppose 4*g = -o + 4, 0 = 10*g - 6*g + 4*o + 8. Calculate x(g).
-12
Let r(l) be the first derivative of 9*l**2/2 + 124*l - 14515. What is r(-14)?
-2
Let k(p) = -p**2 + 8*p - 2. Let j = 26 + -24. Let x be 4 + (-1 - -4) - j. Suppose -5*f - 17 = -t - 3*f, -f - x = 0. Calculate k(t).
5
Suppose 45*i = 29*i + 144. Let r(t) = 369*t**2 - 123*t**2 - i*t + 4 - 121*t**2 - 124*t**2. Calculate r(8).
-4
Let n(u) = u**3 - 21*u**2 + 3*u - 63. Let c = 1519 + -1498. Determine n(c).
0
Let y(s) = -9*s + 9. Let c(t) = -2*t + 2. Let v(p) = 5*c(p) - y(p). Let d be v(-5). Let k(z) = -z**2 + 5*z + 7. Determine k(d).
1
Let x(i) = -i**2 + 20*i + 60. Let o be x(23). Let u(p) = -8*p**2 + 8*p - 250 - 3*p**3 + 238 + 2*p**3. Let l be u(o). Let y(j) = -j**2 - 2*j. What is y(l)?
-3
Let g(w) be the third derivative of -w**4/12 - 15*w**3 - 13*w**2 + 11*w + 6. Determine g(-38).
-14
Let c(v) be the third derivative of v**5/60 - v**4/6 + v**3/6 - 347*v**2 + v. What is c(-6)?
61
Suppose 0 = -3*m - 5 - 1. Let j(n) = -6*n. Let l(a) = -21*a + 1. Let y(q) = -2*j(q) + l(q). Give y(m).
19
Let c(v) = v. Let z be c(2). Suppose 3*l + 14 = -d, 0 = 2*l + 2*l - z*d + 22. Let n(h) be the first derivative of -h**3/3 - 2*h**2 - h - 5. What is n(l)?
-6
Let g(c) = 2*c - 6. Let r = 8 - 2. Let j be g(r). Let k(q) = -q + 1. Let o(z) = -4*z + 4. Let b(h) = -26*k(h) + 6*o(h). Calculate b(j).
10
Let y(a) be the first derivative of 2*a**3/3 + 3*a**2/2 + 8*a + 17. Let k(z) = 3*z**2 + 6*z + 17. Let p(h) = 3*k(h) - 5*y(h). Give p(6).
-7
Let w(q) = q**3 + 673*q**2 + 26*q - 55*q - 1334*q**2 + 664*q**2 + 3 + 27*q. Let c = -9 + 5. Determine w(c).
-5
Suppose -15 = -5*v - 3*g, 5*g - 25 = -20*v + 22*v. Let h(d) be the third derivative of 11*d**2 + 1/2*d**3 - 5/24*d**4 + v + 0*d + 1/60*d**5. Determine h(4).
-1
Let j(l) = l + 9. Suppose 0*p - 140 = 7*p. Let h = p + 26. Let v be (1/(-2))/(h/60). Give j(v).
4
Let t(p) be the first derivative of p**4/4 - p**3/3 + 2*p + 1. Let v(n) = 0*n**3 + 6*n**3 - 12*n**3 + 5*n**3 - 4*n + 6*n**2 + 22. Let w be v(6). Calculate t(w).
-10
Suppose 5*j = -4 + 9. Let g(v) = -2*v**3 + 7*v**2 - v - 5. Let o be g(3). Let k(z) = 2 - 2 + 0 - 12*z - o. Calculate k(j).
-13
Let q(z) = 4*z**3 + 117*z**2 + 27*z - 56. Let n be q(-29). Let o(u) = 14*u**2 + 2*u - 10. Determine o(n).
50
Suppose -20*w + 26 = -14. Let y(d) = -d**3 + 9*d**2 - 4 + 18*d + 12*d - 23*d - 3*d**w. Determine y(7).
-4
Let i(u) = -6*u + 490 + 5*u - 989 - u**2 - 3*u + 486. What is i(-3)?
-10
Let o(m) be the second derivative of 1/2*m**3 - 5/12*m**4 + 1/2*m**2 + 0 + 452*m + 1/20*m**5. Let j(z) = z + 8. Let x be j(-5). Give o(x).
-8
Let s(k) = k**3 - 17*k**2 - 20*k + 33. Let q be (-216)/(-20)*(-125)/(-75). Give s(q).
-3
Let p(i) = -i**3 + 13*i**2 - 23*i + 7. Suppose 0 = -9*u + 2*u - 50 + 127. What is p(u)?
-4
Suppose 113*n + 342*n + 2231 = 411. Let o(d) = d**2 - 2*d + 1. Give o(n).
25
Let y(o) be the first derivative of -87 + 8*o - 1/3*o**3 + 9/2*o**2. Calculate y(10).
-2
Let i be (21/(-14))/((-5)/370). Let h(p) = -217 + i + 4*p + p + 108 + p**2. What is h(-4)?
-2
Let d(b) = -b**2 - 9*b - 1. Let u(n) = -19*n**2 - 28*n - 6. Let c(g) = -3*d(g) + u(g). Determine c(3).
-150
Suppose 3*q - 14*c - 910 = -15*c, -2*q + 2*c + 612 = 0. Suppose -298*n + 42 = -q*n. Let u(y) = y**3 + 7*y**2 + y + 2. What is u(n)?
-5
Let f(b) be the third derivative of -b**6/120 + b**5/12 - b**4/8 + 17*b**3/6 + 1118*b**2. Determine f(5).
2
Suppose 3*i - 4 = y, -3*i - 3*y = -78 + 90. Let v(b) = -b - 28. What is v(i)?
-28
Let w(m) = m**3 + 6*m**2 - 3*m - 15. Let v be w(-6). Let k(a) = 6 - 2 + 5*a + 4*a**2 - 4*a**3 + 4*a**v + a**3. Let l be 180/135 + 32/(-6). Determine k(l).
-16
Suppose 0*d = 6*d - 18. Suppose d*o + 2*o = o. Let u(c) = -3*c - 12*c**3 + 4*c + 5*c**2 - 4*c**2 + o*c**2. What is u(-1)?
12
Let u(j) = 2*j**2 - 6*j**2 + 29 + 3694*j - 3698*j + j**3 - 2*j**2. Give u(6).
5
Suppose 5 = -2*p - 5*m, 2*m + 11 = 4*p + 5*m. Let n(d) be the second derivative of 1/20*d**5 - 1/2*d**4 + 111*d + d**3 + 3/2*d**2 + 0. What is n(p)?
8
Let j(o) = o**3 - 3*o**2 - 2*o - 5. Let w = -18388 + 18392. Determine j(w).
3
Let d(u) be the second derivative of 0*u**3 + 67*u - 3 + 5/12*u**4 + 1/20*u**5 - 1/2*u**2. Determine d(-5).
-1
Suppose -3834*m - 124 = -3865*m. Let z(s) = -2*s**3 + 6*s**2 + 9*s - 4. Give z(m).
0
Let v(m) = -m**3 - 10*m**2 - 3*m - 5. Let n(x) = 8*x**3 + 81*x**2 + 23*x + 39. Let t(j) = -2*n(j) - 17*v(j). What is t(-9)?
-119
Let j = 171 - 162. Let t(p) be the third derivative of -p**6/120 + p**5/6 - 5*p**4/12 + 11*p**3/6 - 3*p**2. Determine t(j).
2
Let c be (-2732)/(-6) + 77/21 + -5. Let x = 461 - c. Let p(b) = 3*b + 6. Determine p(x).
27
Suppose 5*p = 100*c - 116*c - 138, 0 = -p + c + 6. Let n(g) = -26*g - 53. What is n(p)?
-1
Let a(z) be the second derivative of 1/2*z**2 + 0 - 11*z + 1/2*z**3 + 1/12*z**4. Let r = -2 + -4. Give a(r).
19
Let j = 210 - 196. Let s(v) = j + 13 + 9 - 7*v - 27 + v**2. Determine s(8).
17
Let s(n) be the first derivative of 6*n**2 + n + 24. Let i be 4/10 + (-6)/(-10). Let c(q) = 2*q**3 - 2*q**2 + q. Let m be c(i). Give s(m).
13
Let r(h) be the first derivative of -h**6/360 - h**5/15 + h**4/3 + 209*h**3/3 - 188. Let a(o) be the third derivative of r(o). Determine a(-10).
-12
Let y = -19 - -12. Let i(g) = 448*g**2 - 238*g**2 - 211*g**2 - 12*g - 10. Determine i(y).
25
Let o(g) be the second derivative of -g**3/3 + 2*g**2 + 2*g + 6. Let n be 1 + (-3 - 0) + 26. Let c be (-4)/(-20) + n/5. Determine o(c).
-6
Let l = -2086079/60 - -34768. Let f(x) be the third derivative of 7/24*x**4 + 0*x + 49*x**2 + 1/2*x**3 + 0 - l*x**5. Determine f(7).
3
Let q(s) = 191*s**2 - 89*s + 40. Let i(c) = 104*c**2 - 45*c + 19. Let o(w) = 11*i(w) - 6*q(w). What is o(19)?
-12
Let n(m) = 6*m**2 + 5*m - 4. Let f(c) = -7*c**2 - 4*c + 3. Suppose 92 = -l + 95. Let w(a) = l*n(a) + 4*f(a). Calculate w(-1).
-9
Let v(j) be the second derivative of 1/6*j**3 - j + 1/20*j**5 + 29 + 0*j**4 + 0*j**2. Give v(1).
2
Let z(l) = 7*l + 10. Let s(u) = -u - 1. Let g(w) = -6*s(w) - z(w). Let p = 414 + -418. Calculate g(p).
0
Let a(y) = -14*y**2 - 80*y + 46. Let f(q) = 2*q**2 + 14*q. Let o(l) = -a(l) - 8*f(l). Determine o(-14).
10
Suppose 14*b = 23*b - 27. Let a be b/(-2)*(-12)/(-18) + -6. Let s(z) = -z**2 - 4*z + 10. Give s(a).
-11
Let k be (-2324)/(-498) - (4/6 + 1). Let w(o) = -o**3 + 2*o**2 + 11*o - 22. Give w(k).
2
Let a(c) = -135*c + 686. Suppose 7*f = 5*l + 10*f - 52, -4*l + 29 = f. Calculate a(l).
11
Let r(u) = 4*u + 25. Let h(f) = f - 5. Let j(w) = -6*w + 21. Let a(v) = 5*h(v) + j(v). Let k(o) = -6*a(o) - r(o). What is k(1)?
1
Let y be (-2)/5 + 2/5. Let x(z) be the second derivative of -12*z + 0 - 19/2*z**2 - 1/6*z**3. Give x(y).
-19
Let r = -2178 - -2184. Let c(d) = -3*d + 3. Let n(l) = 4*l - 4. Let y(o) = 3*c(o) + 2*n(o). Calculate y(r).
-5
Let w(v) = -1. Let h(o) = -o + 2. Let x(j) = -j**3 + 3*j**2 + 15. Let g be x(4). Let y(b) = g*h(b) - 6*w(b). What is y(-5)?
-1
Let h(v) = -v - 6. Suppose -5*o + 3*p = -35, o + 4*o = 4*p + 40. Suppose -c + 10 = 133*n - 131*n, -3*c - 20 = -4*n. Let j be -7 + o + -6 + c + 1. What is h(j)?
2
Let m(c) = -19*c**3 - c**2 - 7*c - 56. Let d(p) = -35*p**3 - 3*p**2 - 14*p - 105. Let x(v) = -6*d(v) + 11*m(v). Give x(-6).
8
Let p(h) = -14*h. Let g 